or of j and 4.
2
Let n(y) = -y**2 - 11*y + 18. Suppose -22*s + 26*s = -40. Let d be n(s). What is the greatest common divisor of 308 and d?
28
Let a = -85 + 84. Let c be -4 + (-2 + a - -12). Calculate the highest common divisor of 95 and c.
5
Let q(s) = 4*s - 25. Let z be q(7). Suppose 0 = 4*g - 4, z*g + 9 = 2*j + 2*g. Calculate the greatest common divisor of j and 15.
5
Let m be (-14)/21 + 276/9. Let x be 10/(-15)*5/(m/(-63)). Calculate the highest common divisor of x and 7.
7
Let r be 3/(3*(-1)/(-16)). Let i be (-10)/(-4)*52/(-65). Let t be (i - -32)*(-1 - 26/(-10)). Calculate the highest common divisor of t and r.
16
Suppose 5*y - 3*f = 125, -3*y - f + 87 = 26. Calculate the highest common factor of 99 and y.
11
Let p be 6/3 + (-1 - 85). Let q = p + 159. Suppose 0*l = 3*l + 5*m - q, 32 = l + 4*m. What is the greatest common factor of 8 and l?
4
Let b be (-6)/((-48)/21 + 2). Let o(j) = -5*j - 51. Let g be o(-13). Calculate the highest common divisor of b and g.
7
Let s be (3198/(-369))/((-4)/438). What is the greatest common factor of s and 26?
13
Let s be 4/(-2) - -4 - -1. Suppose -2 = -2*a + 8. Suppose 2*r - 10 = 7*i - 3*i, a*r = 5*i + 35. Calculate the greatest common divisor of r and s.
3
Let i = 20 + -8. Let c = -10 + i. What is the highest common factor of c and 2?
2
Let d be (52/(-65))/((-2)/(-85)). Let o = -32 - d. Let j be (-2)/(o*4/(-80)). Calculate the greatest common divisor of 10 and j.
10
Let f(o) = 4*o**2 + 17*o - 51. Let b be f(3). Calculate the greatest common divisor of 198 and b.
18
Suppose 4*k + 409 = 9*k + m, 0 = k - 5*m - 87. What is the greatest common factor of 41 and k?
41
Let t(y) = -y**3 + 10*y**2 - 11*y - 1. Let s be t(8). Let m be -2 + 3/(3/431). What is the highest common divisor of m and s?
39
Suppose -4*f + 0*f = 0. Suppose 5*i + 5 - 15 = f. Suppose 3*k - 8 = -i, 0 = -5*x + k + 23. What is the greatest common factor of 25 and x?
5
Let d = 15 + -3. Suppose 4*i - 16 = d. Suppose 4*v = i*v - 195. What is the greatest common factor of 26 and v?
13
Let k be (-63)/(-6)*108/(-21)*-2. Calculate the greatest common factor of k and 36.
36
Let q = 151 - -5. Let g = q - 66. Let i be ((-5)/(-2))/(4*(-2)/(-32)). What is the greatest common divisor of g and i?
10
Let o be (3 + -6 + -15)*(-4)/12. Let w(s) = s**3 - 5*s**2 + s - 2. Let m = 10 - 5. Let t be w(m). What is the highest common factor of o and t?
3
Let l(z) = z**3 - z**2 - 1. Let s be l(2). Suppose -2*a + 21 = -s*f - 40, -5*a - f = -161. What is the greatest common factor of a and 4?
4
Let g(a) = -a**3 - 6*a**2 + 5*a + 16. Let n be g(-7). Let t be 1 - (3/3 - 3*n). What is the highest common factor of 10 and t?
10
Suppose 0 = 3*r - 0*p + p - 220, 5*r + 2*p = 368. Let c = 96 - r. What is the highest common factor of 36 and c?
12
Let t be 4/3*(-45)/(-20). Suppose -t*u + 72 = 3*u. Calculate the greatest common factor of u and 4.
4
Let q = 660 - 610. What is the highest common divisor of q and 10?
10
Let v be 1 - (-3 + 2) - -150. Let x be (16/(-6) - -2) + 52/6. What is the greatest common divisor of x and v?
8
Let b(x) = x**3 - 4*x**2 - 2*x + 6. Let d be (-30)/4*8/(-12). Let c be b(d). What is the greatest common factor of 84 and c?
21
Let c(u) = u**3 - u**2 + 3*u - 7. Let k be c(3). Let t = -20 + k. Suppose -3*s + t*b - 3 = -3*b, 2*s + 4 = 3*b. What is the greatest common factor of s and 2?
1
Suppose -4*c - 5*u = -41, c + 2*c - 2 = 2*u. Suppose -3*w = 5*l - 29, 4*l + 6*w - 20 = 2*w. Let s = l + c. Calculate the highest common factor of 1 and s.
1
Let s be 2/(-10)*6/3*-90. Let z be (27/(-2))/((-1)/24). What is the greatest common factor of z and s?
36
Let x(y) = 6*y**3 - 16*y**2 + 16*y - 60. Let m be x(6). What is the greatest common factor of 56 and m?
28
Let i = -41 + 43. Suppose -6*d + 308 = -i*d. Calculate the highest common factor of d and 11.
11
Suppose -w + 11 = -2*f, -5*w + 3*f + 16 + 53 = 0. Let u be 87/2 - 27/(-18). What is the greatest common divisor of u and w?
15
Let q(l) = -4 - l + 2 - 6 + 1. Let d be q(-5). Let a = 17 + d. What is the greatest common factor of 15 and a?
15
Suppose 0 = 5*q + c - 2129, 2*c - 7*c = -4*q + 1709. What is the greatest common factor of q and 6?
6
Let d(v) = -6*v + 16. Let p be d(1). What is the greatest common divisor of 360 and p?
10
Let c(g) = g**2 + 4*g - 34. Let o be c(6). What is the highest common divisor of o and 52?
26
Let q = 3 + -2. Suppose n - q = 2. Let f(i) = 3*i**2 - 89*i + 158. Let x be f(28). Calculate the highest common factor of n and x.
3
Let n be (-43 + 5)*((4 - 5) + -19). What is the greatest common divisor of n and 40?
40
Suppose 2*u = 2*v - 182, -2*v - u + 47 = -126. Let m be 216/12 + -10 + 3. Calculate the greatest common divisor of v and m.
11
Suppose -5*b + 4*z + 621 = 0, 2*z - 5*z + 3 = 0. Calculate the greatest common factor of 5 and b.
5
Suppose -1823 = -5*w + z, 9*w - z - 731 = 7*w. What is the greatest common divisor of w and 104?
52
Let z(u) = -3*u - 1. Let j = -33 - -32. Let a be z(j). What is the greatest common factor of 4 and a?
2
Let i be 4/(-56) - 411298/(-476). What is the highest common factor of i and 96?
96
Suppose -31 = -2*k - 5*c, -10*k = -14*k + 4*c + 20. Let m = 4 - 0. Suppose 0*q + m*q = 8. What is the highest common divisor of k and q?
2
Suppose i - 7*i = -12. Suppose -4*l = -5*m - 0 + 20, -4*m + 22 = -i*l. What is the greatest common factor of m and 56?
8
Let p = 32 - -10. What is the highest common divisor of 14 and p?
14
Suppose 123 = 3*s + 2*c, 2*s - 29 = -c + 53. Let k be (-40)/12*(-2 - -14). Let t = k + s. What is the highest common factor of 9 and t?
1
Let d = 14 - 13. Let o be (-7)/d + -3 + 5. Let c be o*(-2 + 28/20). Calculate the greatest common factor of c and 27.
3
Suppose -651*l + 655*l - 2632 = 0. What is the greatest common divisor of l and 564?
94
Suppose 534 = 5*z - 346. Calculate the greatest common divisor of 8 and z.
8
Let i be (-204)/(-42) - 5 - 705/(-35). What is the highest common divisor of i and 1180?
20
Suppose -3*l - 9*o + 269 = -10*o, l + 5*o = 95. Calculate the greatest common divisor of 342 and l.
18
Suppose 2*r - 50 = 2*n, 18 - 116 = 4*n - 5*r. Let a be (-129)/n + 14/63. What is the highest common factor of a and 4?
1
Suppose j + 58 = 97. Let x be ((-2)/(-6))/(13/j). What is the highest common factor of 5 and x?
1
Let i(a) = -8*a - 194. Let p be i(-28). What is the greatest common factor of 20 and p?
10
Let j(m) = 38*m**2 + 2. Let w be j(2). Let a = 81 + -67. Calculate the greatest common factor of a and w.
14
Let g = -207 - -217. What is the highest common divisor of 125 and g?
5
Let c be 1/3*3 - -1. Suppose 5*p - 33 = -c*j + 2*p, -5*j = p - 50. Let k(d) = 3*d**2 + d - 3. Let i be k(3). What is the highest common divisor of i and j?
9
Let u = -173 - -266. Calculate the greatest common divisor of 12 and u.
3
Let v(j) = -j**3 + 3*j**2 + 4*j - 3. Let r be v(3). Suppose -3213 = -64*i + 43*i. Calculate the highest common factor of r and i.
9
Let x(m) = 5*m - 15. Let l be x(4). What is the greatest common factor of 5 and l?
5
Suppose 3*o - 47 = -2*z, -11 = -z - 5*o + 2. Suppose -3 = x - z. Suppose -2*g + 2*a = -0*a, 3*a = 5*g - 10. Calculate the greatest common factor of x and g.
5
Let g = -17 + 22. Suppose g*o - 2*w - 132 = 0, -o + 3*w + 81 = 2*o. Calculate the highest common divisor of 65 and o.
13
Suppose -2*m = 11*p - 16*p, 0 = -5*m - 3*p + 62. What is the greatest common divisor of 190 and m?
10
Suppose -354 = -h + a + 761, 4*h + 3*a - 4432 = 0. What is the highest common divisor of h and 202?
101
Let s(p) = p**3 + 13*p**2 + 30. Let h be s(-13). Calculate the highest common divisor of h and 10.
10
Let r(t) = 6*t**2 - 3*t - 3. Let g(l) = -l**2 + 2*l - 10. Let z be g(5). Let c = 28 + z. Let h be r(c). Calculate the greatest common factor of h and 105.
21
Suppose 4 = -5*w + 9. Let r be (8 - (0 + 4) - 5)*(2 + -3). Calculate the greatest common divisor of r and w.
1
Let t(z) = -z - 16. Let o be t(-18). Suppose 2*m + m - 24 = -o*r, -5*m - r = -40. Calculate the highest common divisor of 8 and m.
8
Let r = -194 - -1330. Calculate the greatest common factor of 71 and r.
71
Let i be 6/4 + (-431035)/(-170). What is the greatest common factor of i and 59?
59
Let u be 308/10 + 364/(-455). What is the greatest common factor of u and 10?
10
Suppose 2*u - 4*u = -